be w(-4). Suppose 68 = -t*d + 7*d. Suppose 13 = 3*a - d. What is the remainder when 18 is divided by a?
8
Let g = 15435 + -15423. Suppose -f + 4*f = 0. Suppose f = -d + 1 + 20. Calculate the remainder when d is divided by g.
9
What is the remainder when 72 is divided by (880/(-140))/(2/(-7)) - -3?
22
Let d = -1260 + 1666. Calculate the remainder when d is divided by 68.
66
Let z be (9/(36/184))/(-1). Let y = 91 + z. What is the remainder when y is divided by 24?
21
Let w(t) = -t + 14. Let u be w(8). Suppose u*c = 101 + 553. Calculate the remainder when c is divided by 28.
25
Calculate the remainder when (-360)/(-14)*(-77)/(-10 - 1) is divided by 13.
11
Let i(x) = 3*x + 146. What is the remainder when i(-33) is divided by (-24)/(-2) + -1 + -1?
7
Calculate the remainder when 43 is divided by 2 - 0/(11 + -7).
1
Let y(c) = c**3 - 11*c**2 + c - 6. Let d be y(11). Suppose 2*o + 2*x + 24 = 62, d*o - 89 = x. Let r = -17 + 86. Calculate the remainder when r is divided by o.
15
Let q = 2366 - 2337. Let z = 8 + -16. What is the remainder when q is divided by (-62)/(-4) + 4/z?
14
Suppose -693*y = -688*y - 115. Calculate the remainder when 32 is divided by y.
9
Let f(n) = 2 + 45*n - 40 + 2*n**2 - 40*n. Calculate the remainder when f(8) is divided by 17.
11
Suppose 3*r + 11 - 5 = 0. Let p be 126 - (r - 0/(-1)). Suppose 0 = -o + 5*n + 47, o - 5*n - p = -3*o. Calculate the remainder when 79 is divided by o.
25
Let p(n) = 3*n**2 - 19*n. Calculate the remainder when 193 is divided by p(8).
33
Let b(p) = 174*p**2 - 3. Let t be b(2). Suppose -t + 133 = -7*r. What is the remainder when r is divided by 21?
17
Let r(l) be the second derivative of -l**5/20 - l**4/6 + 7*l**3/6 - 3*l. Let y be r(-5). Let q = y - 26. Calculate the remainder when 40 is divided by q.
12
Suppose 104 = -0*w - 3*w + 2*f, -2*f + 28 = -w. Let q = w - -72. Calculate the remainder when q is divided by 9.
7
Let b = 1328 + -1290. Calculate the remainder when 47 is divided by b.
9
Let f be 4 + 1*(1 - -22). Suppose -s = 11 - f. Suppose 5 = 5*a, 0*a + 4*a + s = 2*p. Calculate the remainder when 29 is divided by p.
9
Suppose -4*j + 10 + 62 = 0. Calculate the remainder when (102/(-4))/(3/(-4)) is divided by j.
16
Let y = 442 - 409. Calculate the remainder when 82 is divided by y.
16
Let x(b) = 31*b**3 - 2*b**2 + 7*b - 6. What is the remainder when 118 is divided by x(1)?
28
Let t(s) = s - 3. Let v be t(5). Suppose 25 = 3*x + v*x. Suppose u = 2*u - 8. Calculate the remainder when u is divided by x.
3
Let g = 62 - 92. Let p = 51 + g. Calculate the remainder when 39 is divided by p.
18
Suppose 50*j + 592 = 58*j. What is the remainder when 590 is divided by j?
72
Suppose -z - 3*c + 31 = 0, c + 17 = z - 14. Let y = -7 + z. Calculate the remainder when 67 is divided by y.
19
Let t = 28 + 1. Suppose -3*j = 5*o - t - 103, -3*j + o = -150. Calculate the remainder when 191 is divided by j.
44
What is the remainder when (3969/294)/(0 - 1/(-2)) is divided by 6?
3
Suppose -98 = -20*c + 142. Calculate the remainder when 94/(4/1 + -2) is divided by c.
11
Suppose -2*x + 360 = 2*x. Suppose 2*k + 5*t = 0, 4*k + 5*t - 10 = -0*t. Calculate the remainder when x is divided by (-2)/k - 702/(-30).
21
Suppose 5*f - 1482 + 142 = 4*v, 2*v + 1340 = 5*f. What is the remainder when f is divided by 68?
64
Suppose -1 = v + 4*j, 3*j - 2 = -2*v + 16. Let s = 4 - -5. What is the remainder when v is divided by s?
6
Let v = -125 - -125. Suppose v = -6*k - 99 + 621. What is the remainder when k is divided by 22?
21
What is the remainder when 91 is divided by 392/84*24/7?
11
Calculate the remainder when 621 is divided by 32/(19 + -9 - 8).
13
Suppose z - 6*z = -15. Let n(i) = -z*i**3 + 25*i**3 + 2*i - 13*i**3 - i**2. What is the remainder when 26 is divided by n(1)?
6
What is the remainder when 70 is divided by 531/15 - 21/(-35)?
34
Let q(f) = f - 1. Let g be q(-2). Let p(t) be the first derivative of -t**4/4 - t**3/3 + 5*t**2/2 + 4*t - 17. What is the remainder when p(g) is divided by 5?
2
What is the remainder when (-168)/(-5) - (-48)/120 is divided by 8/(16/(-54))*2/(-6)?
7
Calculate the remainder when (-4)/(-26) + (-17400)/(-130) is divided by (272/12)/(4/6).
32
Let x(a) = 3*a**3 + a**2 - 4*a + 3. Let n be x(-3). Let h = n - -75. Calculate the remainder when h is divided by 4.
2
Suppose 2*p = 109 + 75. Suppose -5*k + p + 83 = 0. What is the remainder when k is divided by ((-3)/(-1))/(7/42)?
17
Let b = 99 + -65. Suppose 11*g - 1 = 8*g - 4*h, 0 = 4*g + 5*h - 3. What is the remainder when b is divided by g?
6
Let r(d) = -2*d + 8. Let m be r(15). Let f = -12 - m. Suppose 0 = -0*l - 3*l + 18. Calculate the remainder when f is divided by l.
4
Let h be (-2)/(28/(-8) + 3). Let j be (2*3)/(3 - h). Let p(r) = -2*r - 2. What is the remainder when p(j) is divided by 3?
1
Suppose 5*l - 1 = 29. What is the remainder when (4 - 1) + (-540)/(-1 - 14) is divided by l?
3
Let w = -104 - -162. Calculate the remainder when w is divided by 112/12 - (-4)/6.
8
Suppose 0 = -9*x + 7*x + 4. Suppose 0 = -5*g + 5*z - 420, g - 72 = x*g + 3*z. Let y = 158 + g. What is the remainder when y is divided by 20?
17
Suppose 3*l = 4*a - 1, -8*a = l - 11*a + 7. What is the remainder when 13 is divided by l?
3
Suppose x + 2*x = 9. Suppose 4*h - 4*d = 60, -4*d = x*h - 47 + 2. Suppose -12*u + h*u - 9 = 0. Calculate the remainder when 7 is divided by u.
1
Let z = 2028 + -2007. Let t = 12 + 18. Suppose -t = b - 91. What is the remainder when b is divided by z?
19
Suppose 3*m + 2*u = 0, -12 - 2 = -m + 4*u. Suppose 3*t - 5 = -m*t. What is the remainder when t is divided by 1?
0
Let u(t) = -11*t - 141. Calculate the remainder when 89 is divided by u(-14).
11
Let y = -41 + 41. Suppose -5*a = 3*h - 122, 3*h + y*a - 116 = a. What is the remainder when h is divided by 10?
9
Let r(j) = 3*j - 3. Let l(a) = -7*a + 5. Let q(t) = 4*l(t) + 10*r(t). Calculate the remainder when 32 is divided by q(11).
8
Let f(o) = 1. Let m(t) = -15*t + 18. Let v(u) = -6*f(u) - 2*m(u). Calculate the remainder when v(3) is divided by 17.
14
Suppose 0 = 7*i - 2*i - 10, -5*l + 2*i = 49. Let u = -4 - l. Suppose 4*p + 161 = u*s, 5*s - p - 164 = -0*p. What is the remainder when s is divided by 17?
16
Let c = -97 + 204. Suppose -55 = -i - 3*z - 6, -3*i + c = -z. Calculate the remainder when 145 is divided by i.
34
Let j = -228 - -484. What is the remainder when j is divided by 43?
41
Let k = 33 + -28. Suppose -5*g + 95 = -l + 2*l, k*l + 38 = 2*g. What is the remainder when g is divided by 4?
3
Calculate the remainder when 54 is divided by (2 + 25/(-1))*39/(-39).
8
Let k(u) = 9*u**2 + u. Let l be k(2). Let h = 554 + -551. Suppose h*y - l = y. Calculate the remainder when y is divided by 5.
4
Suppose -29*l + 28*l = k - 69, 5*l + 3*k - 351 = 0. Calculate the remainder when 569 is divided by l.
65
Let j = 64 + 120. What is the remainder when j is divided by 16?
8
What is the remainder when (6 - (6 + -21)) + -2 is divided by 4?
3
Suppose -2*m + 7 = -1. Suppose -3*y = -v + 61, -5*y + y = m*v - 308. Suppose -32 - v = -p. Calculate the remainder when p is divided by 27.
24
Let r(o) = -o**2 - 15*o - 12. Let b be r(-14). Let i be 4*(9/b + -3). Calculate the remainder when 3/(i/70)*1 is divided by 9.
8
Suppose l + 6 + 0 = 0. Let z be 2 + (-3)/(9/l). Suppose 3*q + z*n - 2*n = 52, 4*n + 116 = 5*q. Calculate the remainder when q is divided by 7.
6
Suppose -4 = -2*g - 2*n + 6, 5 = n. Suppose 4*k - 15 - 1 = g. What is the remainder when k is divided by 3?
1
Suppose 0*k = -3*l - 5*k - 3, 0 = 2*l + 2*k + 2. Let c(u) be the first derivative of 53*u**3/3 + 1. What is the remainder when c(l) is divided by 14?
11
Let s(j) = -j**3 + 13*j**2 + 13*j + 19. Let h be s(14). Suppose -5*i = -0 - h. Let b(o) = 4*o**2 + 2*o - 1. What is the remainder when 9 is divided by b(i)?
4
Let p = -259 - -286. Let f = 13 + -3. What is the remainder when p is divided by f?
7
Let f(k) = -15*k - 50. Let q(w) = -10*w - 33. Let a(z) = -5*f(z) + 7*q(z). Calculate the remainder when a(14) is divided by 6.
5
Suppose -5*w = -3*w + 12. Let i = w - -24. Calculate the remainder when (-71)/497 - (-716)/14 is divided by i.
15
Suppose -5*x + 87 = -73. What is the remainder when x is divided by 12?
8
Let a = 208 + -72. What is the remainder when a is divided by 20?
16
Suppo